actors of 3778.
2, 1889
List the prime factors of 75401.
75401
What are the prime factors of 2369?
23, 103
List the prime factors of 7251.
3, 2417
What are the prime factors of 6148?
2, 29, 53
List the prime factors of 6090.
2, 3, 5, 7, 29
List the prime factors of 2261.
7, 17, 19
List the prime factors of 12723.
3, 4241
What are the prime factors of 28803?
3, 9601
List the prime factors of 1543.
1543
List the prime factors of 11689.
11689
What are the prime factors of 7459?
7459
What are the prime factors of 1695?
3, 5, 113
What are the prime factors of 2144?
2, 67
List the prime factors of 1787.
1787
What are the prime factors of 410?
2, 5, 41
List the prime factors of 9098.
2, 4549
List the prime factors of 14364.
2, 3, 7, 19
List the prime factors of 38771.
137, 283
List the prime factors of 607.
607
What are the prime factors of 65770?
2, 5, 6577
List the prime factors of 7497.
3, 7, 17
List the prime factors of 65540.
2, 5, 29, 113
What are the prime factors of 68564?
2, 61, 281
List the prime factors of 181.
181
What are the prime factors of 92920?
2, 5, 23, 101
What are the prime factors of 419?
419
What are the prime factors of 80076?
2, 3, 6673
List the prime factors of 1326.
2, 3, 13, 17
What are the prime factors of 29025?
3, 5, 43
List the prime factors of 1048.
2, 131
What are the prime factors of 77580?
2, 3, 5, 431
What are the prime factors of 2627?
37, 71
What are the prime factors of 1572?
2, 3, 131
What are the prime factors of 15985?
5, 23, 139
What are the prime factors of 22790?
2, 5, 43, 53
List the prime factors of 8299.
43, 193
What are the prime factors of 71057?
7, 10151
List the prime factors of 174845.
5, 11, 17
List the prime factors of 31819.
47, 677
What are the prime factors of 91894?
2, 11, 4177
List the prime factors of 33655.
5, 53, 127
List the prime factors of 5821.
5821
List the prime factors of 62.
2, 31
List the prime factors of 1140.
2, 3, 5, 19
List the prime factors of 5556.
2, 3, 463
List the prime factors of 380.
2, 5, 19
What are the prime factors of 1156?
2, 17
List the prime factors of 3485.
5, 17, 41
What are the prime factors of 159966?
2, 3, 8887
List the prime factors of 64169.
7, 89, 103
What are the prime factors of 94186?
2, 47093
List the prime factors of 134099.
7, 19157
What are the prime factors of 1511?
1511
List the prime factors of 65439.
3, 11, 661
List the prime factors of 1647.
3, 61
List the prime factors of 2882.
2, 11, 131
What are the prime factors of 1379?
7, 197
List the prime factors of 1217.
1217
What are the prime factors of 63822?
2, 3, 11, 967
List the prime factors of 3929.
3929
What are the prime factors of 8680?
2, 5, 7, 31
List the prime factors of 10574.
2, 17, 311
What are the prime factors of 2529?
3, 281
List the prime factors of 18467.
59, 313
List the prime factors of 16156.
2, 7, 577
List the prime factors of 4417.
7, 631
List the prime factors of 36821.
36821
List the prime factors of 3803.
3803
What are the prime factors of 72?
2, 3
List the prime factors of 85704.
2, 3, 3571
What are the prime factors of 2291?
29, 79
List the prime factors of 1835.
5, 367
List the prime factors of 55810.
2, 5, 5581
What are the prime factors of 7758?
2, 3, 431
What are the prime factors of 7631?
13, 587
List the prime factors of 17726.
2, 8863
What are the prime factors of 3374?
2, 7, 241
List the prime factors of 12830.
2, 5, 1283
List the prime factors of 5172.
2, 3, 431
What are the prime factors of 1109?
1109
What are the prime factors of 438?
2, 3, 73
List the prime factors of 42544.
2, 2659
What are the prime factors of 7197?
3, 2399
List the prime factors of 919.
919
List the prime factors of 1643.
31, 53
List the prime factors of 4992.
2, 3, 13
List the prime factors of 878.
2, 439
List the prime factors of 41392.
2, 13, 199
What are the prime factors of 346?
2, 173
List the prime factors of 10326.
2, 3, 1721
What are the prime factors of 1580?
2, 5, 79
What are the prime factors of 214?
2, 107
What are the prime factors of 555?
3, 5, 37
What are the prime factors of 10277?
43, 239
List the prime factors of 36737.
17, 2161
List the prime factors of 3193.
31, 103
What are the prime factors of 28415?
5, 5683
List the prime factors of 24947.
13, 19, 101
What are the prime factors of 3259?
3259
List the prime factors of 4519.
4519
What are the prime factors of 6631?
19, 349
List the prime factors of 806.
2, 13, 31
What are the prime factors of 130477?
130477
List the prime factors of 7541.
7541
What are the prime factors of 2355?
3, 5, 157
List the prime factors of 139726.
2, 19, 3677
List the prime factors of 446.
2, 223
List the prime factors of 4064.
2, 127
List the prime factors of 1476.
2, 3, 41
What are the prime factors of 65301?
3, 21767
List the prime factors of 1119.
3, 373
List the prime factors of 7928.
2, 991
List the prime factors of 13445.
5, 2689
What are the prime factors of 595?
5, 7, 17
What are the prime factors of 210?
2, 3, 5, 7
List the prime factors of 1154.
2, 577
What are the prime factors of 4349?
4349
List the prime factors of 11.
11
What are the prime factors of 236?
2, 59
What are the prime factors of 2716?
2, 7, 97
List the prime factors of 16360.
2, 5, 409
List the prime factors of 2772.
2, 3, 7, 11
What are the prime factors of 986?
2, 17, 29
What are the prime factors of 24450?
2, 3, 5, 163
What are the prime factors of 41631?
3, 13877
List the prime factors of 8890.
2, 5, 7, 127
What are the prime factors of 28659?
3, 41, 233
What are the prime factors of 6459?
3, 2153
What are the prime factors of 7021?
7, 17, 59
What are the prime factors of 71882?
2, 127, 283
List the prime factors of 1846.
2, 13, 71
List the prime factors of 2968.
2, 7, 53
What are the prime factors of 5022?
2, 3, 31
What are the prime factors of 816?
2, 3, 17
List the prime factors of 5374.
2, 2687
What are the prime factors of 2170?
2, 5, 7, 31
List the prime factors of 5207.
41, 127
What are the prime factors of 108?
2, 3
List the prime factors of 40353.
3, 13451
What are the prime factors of 17075?
5, 683
List the prime factors of 6705.
3, 5, 149
List the prime factors of 8179.
8179
What are the prime factors of 5726?
2, 7, 409
List the prime factors of 1957.
19, 103
What are the prime factors of 22237?
37, 601
What are the prime factors of 36?
2, 3
What are the prime factors of 1963?
13, 151
What are the prime factors of 1468?
2, 367
What are the prime factors of 11343?
3, 19, 199
List the prime factors of 33128.
2, 41, 101
List the prime factors of 4415.
5, 883
List the prime factors of 15466.
2, 11, 19, 37
List the prime factors of 41465.
5, 8293
What are the prime factors of 13579?
37, 367
What are the prime factors of 37086?
2, 3, 7, 883
List the prime factors of 45393.
3, 15131
What are the prime factors of 97638?
2, 3, 16273
List the prime factors of 7260.
2, 3, 5, 11
List the prime factors of 542.
2, 271
List the prime factors of 5349.
3, 1783
List the prime factors of 453.
3, 151
What are the prime factors of 1976?
2, 13, 19
List the prime factors of 28933.
28933
What are the prime factors of 171?
3, 19
What are the prime factors of 55195?
5, 7, 19, 83
List the prime factors of 3372.
2, 3, 281
What are the prime factors of 1241?
17, 73
What are the prime factors of 70238?
2, 7, 29, 173
List the prime factors of 15269.
15269
What are the prime factors of 554?
2, 277
List the prime factors of 212.
2, 53
List the prime factors of 1999.
1999
What are the prime factors of 1540?
2, 5, 7, 11
What are the prime factors of 124727?
37, 3371
What are the prime factors of 1224?
2, 3, 17
List the prime factors of 77975.
5, 3119
What are the prime factors of 1678?
2, 839
List the prime factors of 872.
2, 109
List the prime factors of 22188.
2, 3, 43
List the prime factors of 5968.
2, 373
What are the prime factors of 8899?
11, 809
List the prime factors of 25794.
2, 3, 1433
What are the prime factors of 450?
2, 3, 5
List the prime factors of 1428.
2, 3, 7, 17
What are the prime factors of 29800?
2, 5, 149
List the prime factors of 12823.
12823
List the prime factors of 168.
2, 3, 7
What are the prime factors of 1203?
3, 401
List the prime factors of 1006.
2, 503
List the prime factors of 48.
2, 3
List the prime factors of 69901.
13, 19, 283
What are the pri